(4 - 10)).
-17
-3 - (17 + (15 + -13 - 19)) - (1 - 74)
70
What is the value of (-3 - -23 - 8) + -21 + 13?
4
What is the value of -8 + 15 - (0 + (-3 - -6) + 14) - 3?
-13
(-25 + -45 + 54 - -23) + (64 + -1 - 1)
69
Calculate (1 - (-30 - -16)) + 9 + 9.
33
What is the value of (-1 - 10) + (63 - 60) + 53?
45
-2 - ((-2 - 8) + -141 + 87 - (12 + -2))
72
What is -2071 + 2075 - (23 - 0)?
-19
-2 + (-6 - 2) - (-71 + -11 - -42)
30
Calculate (30 - (36 - (1 + 20))) + -48 + -1.
-34
-54 + 13 + 16 + 12
-13
What is -92 + (47 - -64 - 53)?
-34
What is (60 - -1) + (-241 - -204)?
24
What is (63 - (-33 - -85)) + 0 + 1 + 2 + 71?
85
Evaluate -1 + (75 - -1) + (-4 + 2 - (-1848 - -1849)).
72
What is (-121 - -134) + (7 - (-2 + 44)) - -122?
100
Calculate -1 + -1 + -71 + 87 - (83 + -79).
10
Calculate 1 + -5 - 1 - -8 - (163 + -147).
-13
10 + (-6 - -5) + (-3 - -9 - 1) + -2
12
Evaluate -127 - (-48 + -2 + 38 - 19).
-96
Evaluate (24 - 62) + -8 - -9.
-37
Evaluate -4 - (-1 + (-10 - -6) + 18 + 2).
-19
Calculate -7 - 3 - (-23 + 29 + -2 + -36).
22
What is the value of -16 + (-7 - (-2 + (14 - 44)))?
9
What is 12 + -7 + 7 + -10 + -52 - 4?
-54
Evaluate 6 - (10 + -17) - -29 - 18.
24
Calculate -249 - -196 - (5 + 3 + -1 + -6 - -8).
-62
What is -1 + 83 - (-2491 - -2541)?
32
What is 24 - ((-13 + 3 - 1) + (0 + -3 - -21))?
17
Evaluate 695 + -694 - (7 - (8 + -5)).
-3
-4 - -1 - ((7 - 28) + 0 + 14 + -6)
10
What is (-1 - 0) + -7 - (17 - 2 - (39 + -51))?
-35
Calculate 126 - 129 - (-25 + 3 + -1) - (-2 - 5).
27
What is (-2 - 1) + (-44 - (-64 - -32))?
-15
What is (18 - (-12 + 8 + -2 - -1)) + -6?
17
Calculate -8 + -11 + (1 - -4) - (17 - 2).
-29
36 + (10 + 1 - ((-24 - -29) + -13 - -18))
37
-16 + 1 + 0 - (23 + -66 + 20 + 13)
-5
Evaluate -4 + (1 - 0) + (-70 - -38 - (7 - 6)).
-36
What is the value of 88 + (0 + -1 - -1) + 52719 + -52698?
109
What is -44 - (9 - (27 - 37))?
-63
0 + -16 + 1584 + -1562 - (2 + 16)
-12
Calculate -17 + 56 + -17 - 58 - 6.
-42
What is 0 + -11 - (-18 - -13) - (9 + -3 + 17)?
-29
-12 - 1 - -6 - (74 - 63) - (8 + 2)
-28
Calculate 5 + -1 + -18 - (247 - 303).
42
Evaluate (10 + -7 - (6 - 25)) + (-1 + 5 - -5).
31
What is the value of (0 + 6 - -1) + -18 + (-102 - -64)?
-49
What is (-84 - -138 - 54) + 14 + -1?
13
-9 + 8 + -28 + (135 - 111)
-5
Calculate 101 + 42 + (-5 + -17 - 16).
105
What is the value of (0 - 6) + (47 - 29 - (-2 - -1 - -30))?
-17
Calculate 42 + (-32 - 13) - (-7 - 1).
5
Evaluate -44 - (-70 + -17) - 81.
-38
Calculate -1750 + 1781 + (-64 - 1).
-34
-125 - (-40 + -36) - -57
8
(-4 + 0 - (-13 - -60)) + -29
-80
What is -1 + -5 + (-29 - (-29 + 1)) + -12?
-19
What is the value of (-23 - 20) + (-1 + -2 - -7) - (-3 + -3)?
-33
Calculate 19 + (13 - 0 - (42 - (69 - 31))).
28
Calculate (-113 - -14) + 25 - (1 + -23).
-52
What is -8 - (12 - (1 - 0) - (16 - 11))?
-14
3 - ((-9 - -7) + 6) - -14
13
What is 14 + -3 + 2 - (-10 + 110 + -58)?
-29
What is the value of 13 - 0 - (-15 - (-45 - -4 - -22)) - 1?
8
What is 4 + (-42 - (38 + -68))?
-8
Calculate -14 + -25 + -189 + 197 + (7 - -1).
-23
-114 + -68 + 292 + -120
-10
Calculate 53 - (-92 + -9) - 12.
142
-281 + 465 + -190 - (0 - (-7 + 0))
-13
Calculate 759 + -690 + (32 - -1) - 0.
102
What is the value of -7 + (-63 - (11 + -40)) - (-2 + 17)?
-56
What is the value of (-56 - (5 + (-6 - 0))) + (12 - (20 - 17))?
-46
What is (6 - 19) + (-48 + 28 - -37)?
4
What is the value of 231 + -196 + 7 + (-2 - -3 - 2)?
41
What is the value of 1 - -12 - 45 - -10 - ((-3 - -2) + -3)?
-18
What is the value of (14 - 9) + (-16 + 9 - (56 + -5))?
-53
What is the value of (2 - (-13 - -3) - (83 - 82)) + (2 - -1)?
14
Calculate 9 - 5 - (98 + (-10 - 12) - -4).
-76
-22 + (65 + (3 - 28) - 3) + 76
91
Evaluate -50 - ((-17 - -77) + -93).
-17
Evaluate -58 + -12 + 21 + (-10 - -15).
-44
What is -1 - (-51 + -36 + 45 + 8)?
33
What is the value of 5 - (-87 - -84 - (1 - 26))?
-17
Evaluate 24 + (-52 - (-104 + -9)).
85
3 + -2 + -100 + -49 + -103 + 159
-92
What is the value of 26 - -19 - 19 - 28 - 6?
-8
What is the value of (24 - (3 - 4)) + -59?
-34
Calculate -17 + (-36 - -103 - (-15 - -35)).
30
What is 0 - -4 - 0 - (-18 - -65) - (-182 + 181)?
-42
Calculate (0 - -22) + (-56 - (33 + -103)).
36
Calculate 9 - ((-1128 - -1111) + 1 + 1) - (8 - -2).
14
What is (1 - (-23 + 0)) + (42 + -121 - 35)?
-90
Evaluate (14 - (4 - -2)) + -15.
-7
Calculate 12 - -38 - (-23 + 11 + 5).
57
Calculate 18 + -8 - (-36 + 34 + 14 + 1 + 0).
-3
Evaluate (-25 + -8 + 1 - 2) + -5 + 4 + -1.
-36
Evaluate (19 - ((-11 - -39) + -13)) + 11 - 17.
-2
Evaluate -94 + 44 - -57 - (-4 - 0 - -9).
2
Calculate -35 + (9 - (7 + 27)) - -31.
-29
-10 + 9 + 88 + -83 + (0 + -37 - 0)
-33
Calculate -58 - (-17 + 4) - (42 - 45 - 5).
-37
Evaluate (1 - 4) + 57 + -46 - (-3 - (0 + 78)).
89
Evaluate -43 - (13 - (-25 - (-23 + 2))).
-60
Calculate -20 + -24 + 0 + (-18 - -11) + 23.
-28
What is (216 - (64 + 21)) + -84?
47
What is the value of (0 - 9) + 13 + (-13 - (11 - 10))?
-10
Calculate (-36 - (44 + -69)) + -1 + 5 + -23.
-30
What is 2 + 13 + 3 + -2 - (-54 - -9)?
61
Calculate -1 - (12 + -2 + -2) - (30 - (-8 + 31)).
-16
Calculate -5 + (-20 - -70) + -37.
8
What is the value of (59 - (15 + 12 + -13)) + 8?
53
Calculate 1 + 3 + -1 - (105 + (-164 - -55)).
7
(-62 + 65 - -55) + -84
-26
48 - (65 - 28 - 46)
57
Calculate 20 + 30 + 0 + -31.
19
Calculate (4 - (6 - (-9 - -4))) + -21 + -11 - 6.
-45
What is -6 - -12 - (-6 - 25 - 7)?
44
9 - ((2 - -5) + 58 + -51)
-5
What is -6 + 86 - 12 - -10 - ((-2 - -7) + 3)?
70
Evaluate 3 + (3 - (6 - (-2 - 11))).
-13
Evaluate -78 + 143 + -40 - (8 + -4 + 16).
5
What is -13 + (-25 - -24 - 8) + (-12 - -19)?
-15
-20 + -183 + 66 + -1 + (-3 - -1) + 16
-124
Evaluate (-14 - -10) + 49 - ((-6 + 4 - 1) + 13).
35
What is 0 + 102 - (-2151 + 2164)?
89
(12 - (3 - (-9 + (4 - 11 - -17)))) + 20
30
What is 21 + -9 + -8 + 9 + 18 - 0?
31
What is 226 - (170 + 70) - ((-2 - -1) + 42)?
-55
What is the value of -48 + 19 + (1 - -14) + 5 - 25?
-34
Evaluate (-13 - (-37 + 39) - (2 + -6)) + -73.
-84
What is the value of 40 - (-16 + (26 - 27) + 11)?
46
What is ((14 - 29) + 16 - ((2 - 1) + 3)) + 2?
-1
What is 113 - (119 - 132) - 45?
81
What is (-10 - 9) + 28 + -17 - (-2 + 4 + 32)?
-42
Evaluate 1 - (-90 + 64 - ((-1 - -2) + 5)).
33
Evaluate 323 + -301 + (-24 - -14).
12
-1191 - -1164 - (-1 - 6)
-20
(30 - (28 + 25)) + -45
-68
-94 + 40 + 101 - -25
72
Calculate (1 - -1) + 10 + -7 + 51 + -10 + -1.
45
What is the value of -14 - (-8 - ((20 - -13) + -5))?
22
What is the value of 1621 + -1591 - (0 + -22)?
52
What is the value of -30 - (11 - ((7 - 10) + 8) - 13)?
-23
(-8 - (0 + -80 + (-18 - (-2 - 13)))) + 2
77
Calculate ((-63 - (-12 + -3)) + 26 - (-1 - -8)) + 8.
-21
(35 - 163) + 54 - -55
-19
Evaluate (4 - 2) + (-19 - -4 - (-19 - 5)).
11
Calculate 11 - (-28 - -49 - 53).
43
What is -165 + (-88 - -255) - (-1 - -3 - 78)?
78
-68 - (-12 + (-2 - 1 - -25)) - -9
-69
1 - -34 - (-15 - (-225 + 97))
-78
Calculate -21 + (7 - (-84 + 26) - 1).
43
Calculate -87 + -14 + 50 - -52.
1
What is the value of 22 - (49 + 7) - (-124 + -2)?
92
What is the value of 6 + -17 + -2 + (47 - 10) + -12?
12
Calculate (1 - 0) + -1 - (28 + 147 + -165).
-10
What is (-6 + 1 - 0) + 154 + -86 + (-2 - -7)?
68
What is 1 + -4 + 2 + -67 + -1083 + 1067?
-84
What is (-226 + 219 - (-20 - -1)) + -5 + -28?
-21
Calculate (-9 - (-19 - (13 - 9))) + (-9 - -57).
62
Evaluate 4 + (-14 - -9) - ((-1 - -4) + -7 + -21).
24
What is -1 + 0 + 5 + -53 + (-235 - -236) + 9?
-39
What is -85 + (215 - 72) - 31?
27
Calculate -39 + 1 + -2 + (-8116 - -8216).
60
169 + 60 + -165 - (30 - 0)
34
Calculate -61 + -1 + -4 + ((-15 - -13) + -9 - -20).
-57
691 + -792 + 3 + (-2 - 1) + (-19 - -27)
-93
What is the value of 10 + -2 + 3 + -1 + -242 + 236 + -13?
-9
-18 + (-17 - 1) + -132 + 135
-33
54 + (-1 - 2) - (-77 - -70 - (0 + 2))
60
Calculate (0 - 6) + 19 + (-20 - (-64 + 30)).
27
Calculate -3 + 119 - (12 + 57).
47
Calculate 6 + 8 + (66 - -8) - (13 - 4).
79
What is -30 + 60 - -10 - (-90 - 6)?
136
Evaluate -40 - -65 - (22 - (-14 + 35 + -17)).
7
1 + 11 + 3 + -8 + (12 - (30 - 15))
4
Evaluate -23 + 38 + 10 + (-2 - -12).
35
Evaluate (-13 - -10) + -5 + (9 - 4) + (19 - 22).
-6
Calculate -4 - (-2 + 20 + (-20 - -6) + 5 + -14).
1
What is -60 - (-3 - 97 - -50)?
-10
Calculate -6 + 17 + -7 + -12 - (9 + 4 - 12).
-9
Calculate -1 - -10 - (103 - (-71 - -163)).
-2
What is the value of 26 + -8 - 